the remainder when s is divided by (1 - 2)*19/(-1)?
17
Let h = 36 + -33. Suppose -v + 9 = h*b, -3*v + 11 = 5*b - 36. Let n = -53 + 88. Calculate the remainder when n is divided by v.
11
Suppose 0 = 4*a - 14 + 6. Let j = -55 - -58. Suppose -j = 3*w - 4*w. Calculate the remainder when w is divided by a.
1
Let w be ((-36)/45)/((-7)/(-35)). Calculate the remainder when 128 is divided by (w - -5)*(-14 + 47).
29
Suppose 0 = 5*q + 15, -24 = -47*v + 45*v - 4*q. What is the remainder when 7179 is divided by v?
15
Suppose -2*n - 2*o = -102, 2*o = -2*n - 3*o + 84. Calculate the remainder when 99 is divided by n.
42
Calculate the remainder when ((-1)/3)/((-48)/8784) is divided by 9.
7
Let u be 581/11 + 28/154. Let t = -23 + u. What is the remainder when t is divided by (1 - 2) + 2 + 7?
6
Suppose 0 = -28*y - 48*y - 45*y + 8591. What is the remainder when 789 is divided by y?
8
Let r be (2 - 0 - 1)*5/(-1). Let g be 3 + -5 - ((r - -3) + 0). Suppose -t = -5*m + 2*m + 36, g = 5*m + 4*t - 77. Calculate the remainder when m is divided by 5.
3
Let z(a) = 6*a + 46. Suppose 3*l - 270 = -3*n, 2*n = 2*l + 7*n - 165. What is the remainder when l is divided by z(-5)?
15
Let y = -24616 - -26353. What is the remainder when y is divided by 102?
3
Suppose 0 = 192*j - 133*j + 377 - 967. Calculate the remainder when 2349 is divided by j.
9
Let o be (-1)/(-6)*-3*12/2. Let b(l) = -3*l**3 + 5*l**2 + 8*l + 3. What is the remainder when b(o) is divided by (3/4)/((-2)/(-48))?
15
Let s(r) = 268*r + 160. Let i be s(-7). Calculate the remainder when 465 is divided by (-4)/(-3)*(i/(-24) - 1).
89
Suppose 7*r - 36 = 11*r. Let d be (4*3/6 - 0) + r. What is the remainder when 31 is divided by 9 - (d - (3 - 7))?
7
What is the remainder when -659*(0/(-1) - (-7)/(-16 - -9)) is divided by 11?
10
Suppose -72 = -x + 29. Suppose -u + z + 49 = 0, 4*u - 80 = z + x. What is the remainder when 142 is divided by u?
10
Suppose 5*q = p + 318, 2*p - 3 = 3*p. Suppose 8*n - n - q = 0. Suppose 5*u + 12 = -r, -r - 3*r + 77 = -5*u. What is the remainder when r is divided by n?
4
Let w(q) = -5*q - 2. Suppose -20 = 4*j, -o - 9 - 3 = 2*j. Calculate the remainder when 20/(-16) - o - 361/(-4) is divided by w(-5).
22
Suppose 56*s = -16*s + 139339 + 55421. What is the remainder when s is divided by 82?
81
Suppose -129*v + 47940 = -61*v. What is the remainder when v is divided by 227?
24
Let i(m) = 8*m**3 + 2*m**2 - 9*m + 6. Suppose 0 = 5*q - 157 + 142. Calculate the remainder when i(q) is divided by 27.
24
Let u(v) = -2. Let c(l) = -4*l - 72. Let t(j) = -2*c(j) + 40*u(j). Calculate the remainder when 55 is divided by t(-7).
7
What is the remainder when -692*((0 - -4) + 1118/(-104)) is divided by 8?
7
Suppose 3*v - v = -4*v. Suppose -n + 6 - 9 = v. What is the remainder when 161 is divided by 13 + 3 - n*1 - 4?
11
What is the remainder when 99 is divided by (-48)/(-40)*(981/27 - -7)?
47
What is the remainder when 2104 is divided by -3*(1490/(-66) + (-67)/737)?
64
Let u(r) = -12*r - 28. Let h = -13 - -37. Calculate the remainder when u(-8) is divided by h.
20
Suppose -79*q + 3501 = -70*q. What is the remainder when q is divided by 13?
12
What is the remainder when 4052 is divided by 1/(-1)*(-32)/16*16?
20
Let t(u) = -u**3 - 5*u**2 + 7*u + 14. Let d = 11 + -9. Suppose d*h - n = -3*h - 28, h = 2*n - 2. Calculate the remainder when 30 is divided by t(h).
6
Let s(y) = -y + 710. Calculate the remainder when s(-110) is divided by 225.
145
What is the remainder when 8 is divided by ((-44)/20 + 3)*855/228?
2
Suppose -14*r - 5*t = -13*r - 8, -2*r - 2*t + 8 = 0. Calculate the remainder when (14 - (4 + -2)) + -3 is divided by r.
0
Let f(r) = r**3 - 19*r**2 + 23*r - 51. Calculate the remainder when 308 is divided by f(18).
35
Let v = -209 - -233. Suppose -q - 115 = -4*i, 0 = q - 6*q + 5. What is the remainder when i is divided by v?
5
Let w be (3/(-2))/((-4)/136). Suppose -3*v = -87 - w. Calculate the remainder when v is divided by ((-8)/16)/((-3)/102).
12
Suppose -15*n + 467 = 92. Let r(d) = -35*d + 11. Calculate the remainder when r(-6) is divided by n.
21
Let v = 72 - 53. Let k be v*(-2)/4*-2. Suppose 4*x - 33 = k. Calculate the remainder when 181 is divided by x.
12
Suppose 3643 - 123 = 10*m. Let h = -296 + m. Calculate the remainder when h is divided by 6.
2
Suppose 1083 = -8*b - 85. Let l = b + 291. Calculate the remainder when l is divided by 37.
34
What is the remainder when 624/2 + (9/15)/(5/(-50)) is divided by 264?
42
Let i(a) = 2*a**2 + 74*a - 93. What is the remainder when 155 is divided by i(-39)?
29
Let g(b) = -26*b + 3. Let o(p) = -2*p**3 - 26*p**2 - 3*p + 41. Let u be o(-12). Let y = u - -233. What is the remainder when g(-4) is divided by y?
19
Let g = -5347 - -5590. What is the remainder when g is divided by 34?
5
Let x(t) = -7*t**2 + 215*t + 80. Calculate the remainder when 76 is divided by x(31).
4
Let c(o) = -o**2 + 12*o + 17. Let p be c(13). Let n(b) = 3*b**2 + 3*b - 2. Calculate the remainder when (-43 - -45)*(-3)/p*-42 is divided by n(2).
15
Let w = 13 + -8. Suppose 0 = -101*a + 109*a - 4*i + 4, 0 = 7*a + 4*i - 79. What is the remainder when a is divided by w?
0
Let i be 0 + (-3 - 392/(-4)). Let s = 169 - i. Let a = s + -9. Calculate the remainder when a is divided by 34.
31
Suppose -20 = 10*f - 15*f, -f = -2*w + 292. What is the remainder when w is divided by 93?
55
Let m(x) = 61 + 67 - 147 + 19*x - 7*x. What is the remainder when m(7) is divided by 15?
5
Let h(p) be the first derivative of -5*p**2 - 82*p + 139. What is the remainder when 52 is divided by h(-10)?
16
Let d(g) = -2*g**2 - 24*g + 60. What is the remainder when d(-9) is divided by (-2)/(-4)*248/4?
21
Suppose 10*b + 40 = 3*l + 5*b, -2*l = -2*b - 28. Let o be 29 - (l/(-3))/(-1). Calculate the remainder when o/10 - 3 - 7758/(-30) is divided by 52.
50
Let q = -510 - -509. What is the remainder when 197 is divided by (9 - 7)/(q/(-50))?
97
Suppose -3*p = 2*p + 2*c - 37, 0 = 2*p - c - 22. Suppose 7 + p = -4*z, -z - 92 = 4*w. Let q = w + 30. Calculate the remainder when 36 is divided by q.
4
Suppose -2*m + 1059 = 3*v - 5*m, 5*m - 10 = 0. What is the remainder when v is divided by 177?
1
Let p = -5098 - -5144. Calculate the remainder when 549 is divided by p.
43
Let h(w) = -4*w**2 + 80*w + 12. Calculate the remainder when 436 is divided by h(20).
4
Let z(s) = -224*s**2 + 1153*s + 2. What is the remainder when 6177 is divided by z(5)?
165
Suppose -4*c = -t - 4*t + 27, 2*c - 3 = -3*t. Suppose -12*b + 13 = -131. Suppose -t*j = -j + k - 20, j + k = b. Calculate the remainder when j is divided by 6.
2
Suppose 10*r - 29*r + 209 = 0. Let d(h) = -8*h + 0 - 3 + 1. What is the remainder when d(-7) is divided by r?
10
Let b(u) = -u**2 + 26*u + 1134. Suppose 4*r - 15 = 5. What is the remainder when b(49) is divided by r?
2
What is the remainder when 3107 is divided by 3910/575*15/6?
13
Suppose 40*q - 820 = 20*q. Let v(y) = y + 10. Let f be v(-7). Suppose -d + 26 = f*i, d - 3*d + 43 = -3*i. What is the remainder when q is divided by d?
18
Let k = -1270 + 1335. Calculate the remainder when 3118 is divided by k.
63
Suppose -5*p + 0*y - 4*y + 565 = 0, 5*p = 4*y + 525. Let w = -25 + 21. What is the remainder when p is divided by (42/9 + w)*24?
13
Let t(q) = -q**3 + 11*q**2 + 35*q - 327. Calculate the remainder when t(9) is divided by 56.
38
Suppose 1731 + 780 = -r + 28*r. Calculate the remainder when 19341 is divided by r.
90
Let r(d) = -3*d - 7. Suppose -m = -2*w - 64, 304 = 4*m + w + 3*w. Suppose 3*v = 12, 0*v + m = 2*t - v. What is the remainder when t is divided by r(-5)?
6
Let q(m) = -3*m + 26. Let s(f) = -f + 8. Let l be s(11). Calculate the remainder when (-9)/((-3)/(-114)*l) is divided by q(1).
22
Let n(x) = 137*x - 674. Let j be n(5). Suppose -g = -5*c + 304 - 53, -3*c - g = -149. Suppose -3*t - j = -c. Calculate the remainder when 47 is divided by t.
8
Suppose 0 = 10*j - 53 - 117. Suppose 5*v = -b + 135, -15*v - b - 54 = -j*v. Calculate the remainder when v is divided by 18.
9
Let b(r) = 8*r**2 + r + 2. Calculate the remainder when b(-5) is divided by (-256)/16 - -38 - 12.
7
Let x be (-2 + 0)*(-21629)/86. Let j = x - 472. Calculate the remainder when 246 is divided by j.
29
Suppose 4*a = 3*t - 84 + 17, a + 85 = 4*t. Calculate the remainder when (t/(-14